[INFO] cloning repository https://github.com/ivanceras/winapi-rust-example
[INFO] running `Command { std: "git" "-c" "credential.helper=" "-c" "credential.helper=/workspace/cargo-home/bin/git-credential-null" "clone" "--bare" "https://github.com/ivanceras/winapi-rust-example" "/workspace/cache/git-repos/https%3A%2F%2Fgithub.com%2Fivanceras%2Fwinapi-rust-example", kill_on_drop: false }`
[INFO] [stderr] Cloning into bare repository '/workspace/cache/git-repos/https%3A%2F%2Fgithub.com%2Fivanceras%2Fwinapi-rust-example'...
[INFO] running `Command { std: "git" "rev-parse" "HEAD", kill_on_drop: false }`
[INFO] [stdout] 8d48ce53b7a1f0d92f91a5788575100372ed84f8
[INFO] checking ivanceras/winapi-rust-example against master#af3c6e733a40e671550e0f0f5aeecaa13772ba56 for pr-74989
[INFO] running `Command { std: "git" "clone" "/workspace/cache/git-repos/https%3A%2F%2Fgithub.com%2Fivanceras%2Fwinapi-rust-example" "/workspace/builds/worker-3/source", kill_on_drop: false }`
[INFO] [stderr] Cloning into '/workspace/builds/worker-3/source'...
[INFO] [stderr] done.
[INFO] validating manifest of git repo https://github.com/ivanceras/winapi-rust-example on toolchain af3c6e733a40e671550e0f0f5aeecaa13772ba56
[INFO] running `Command { std: "/workspace/cargo-home/bin/cargo" "+af3c6e733a40e671550e0f0f5aeecaa13772ba56" "read-manifest" "--manifest-path" "Cargo.toml", kill_on_drop: false }`
[INFO] started tweaking git repo https://github.com/ivanceras/winapi-rust-example
[INFO] finished tweaking git repo https://github.com/ivanceras/winapi-rust-example
[INFO] tweaked toml for git repo https://github.com/ivanceras/winapi-rust-example written to /workspace/builds/worker-3/source/Cargo.toml
[INFO] crate git repo https://github.com/ivanceras/winapi-rust-example already has a lockfile, it will not be regenerated
[INFO] running `Command { std: "/workspace/cargo-home/bin/cargo" "+af3c6e733a40e671550e0f0f5aeecaa13772ba56" "fetch" "--locked" "--manifest-path" "Cargo.toml", kill_on_drop: false }`
[INFO] [stderr]     Blocking waiting for file lock on package cache
[INFO] [stderr] error: the lock file /workspace/builds/worker-3/source/Cargo.lock needs to be updated but --locked was passed to prevent this
[INFO] [stderr] If you want to try to generate the lock file without accessing the network, use the --offline flag.
[INFO] the lockfile is outdated, regenerating it
[INFO] running `Command { std: "/workspace/cargo-home/bin/cargo" "+af3c6e733a40e671550e0f0f5aeecaa13772ba56" "generate-lockfile" "--manifest-path" "Cargo.toml" "-Zno-index-update", kill_on_drop: false }`
[INFO] [stderr]     Blocking waiting for file lock on package cache
[INFO] running `Command { std: "/workspace/cargo-home/bin/cargo" "+af3c6e733a40e671550e0f0f5aeecaa13772ba56" "fetch" "--locked" "--manifest-path" "Cargo.toml", kill_on_drop: false }`
[INFO] running `Command { std: "docker" "create" "-v" "/var/lib/crater-agent-workspace/builds/worker-3/target:/opt/rustwide/target:rw,Z" "-v" "/var/lib/crater-agent-workspace/builds/worker-3/source:/opt/rustwide/workdir:ro,Z" "-v" "/var/lib/crater-agent-workspace/cargo-home:/opt/rustwide/cargo-home:ro,Z" "-v" "/var/lib/crater-agent-workspace/rustup-home:/opt/rustwide/rustup-home:ro,Z" "-e" "SOURCE_DIR=/opt/rustwide/workdir" "-e" "CARGO_TARGET_DIR=/opt/rustwide/target" "-e" "CARGO_HOME=/opt/rustwide/cargo-home" "-e" "RUSTUP_HOME=/opt/rustwide/rustup-home" "-w" "/opt/rustwide/workdir" "-m" "1610612736" "--user" "0:0" "--network" "none" "rustops/crates-build-env@sha256:d92eaeed33fa75130ca1ee6c8a01d1ffb62bac859dfdfb3450e3e5d1c0146529" "/opt/rustwide/cargo-home/bin/cargo" "+af3c6e733a40e671550e0f0f5aeecaa13772ba56" "metadata" "--no-deps" "--format-version=1", kill_on_drop: false }`
[INFO] [stdout] 83df398818c0790426b78b2c71bb0a21846b1a21dc2a312425fa3e0c3ebf9976
[INFO] [stderr] WARNING: Your kernel does not support swap limit capabilities or the cgroup is not mounted. Memory limited without swap.
[INFO] running `Command { std: "docker" "start" "-a" "83df398818c0790426b78b2c71bb0a21846b1a21dc2a312425fa3e0c3ebf9976", kill_on_drop: false }`
[INFO] running `Command { std: "docker" "inspect" "83df398818c0790426b78b2c71bb0a21846b1a21dc2a312425fa3e0c3ebf9976", kill_on_drop: false }`
[INFO] running `Command { std: "docker" "rm" "-f" "83df398818c0790426b78b2c71bb0a21846b1a21dc2a312425fa3e0c3ebf9976", kill_on_drop: false }`
[INFO] [stdout] 83df398818c0790426b78b2c71bb0a21846b1a21dc2a312425fa3e0c3ebf9976
[INFO] running `Command { std: "docker" "create" "-v" "/var/lib/crater-agent-workspace/builds/worker-3/target:/opt/rustwide/target:rw,Z" "-v" "/var/lib/crater-agent-workspace/builds/worker-3/source:/opt/rustwide/workdir:ro,Z" "-v" "/var/lib/crater-agent-workspace/cargo-home:/opt/rustwide/cargo-home:ro,Z" "-v" "/var/lib/crater-agent-workspace/rustup-home:/opt/rustwide/rustup-home:ro,Z" "-e" "SOURCE_DIR=/opt/rustwide/workdir" "-e" "CARGO_TARGET_DIR=/opt/rustwide/target" "-e" "CARGO_INCREMENTAL=0" "-e" "RUST_BACKTRACE=full" "-e" "RUSTFLAGS=--cap-lints=forbid" "-e" "CARGO_HOME=/opt/rustwide/cargo-home" "-e" "RUSTUP_HOME=/opt/rustwide/rustup-home" "-w" "/opt/rustwide/workdir" "-m" "1610612736" "--user" "0:0" "--network" "none" "rustops/crates-build-env@sha256:d92eaeed33fa75130ca1ee6c8a01d1ffb62bac859dfdfb3450e3e5d1c0146529" "/opt/rustwide/cargo-home/bin/cargo" "+af3c6e733a40e671550e0f0f5aeecaa13772ba56" "check" "--frozen" "--all" "--all-targets" "--message-format=json", kill_on_drop: false }`
[INFO] [stdout] 115d9ac4f0ae6ec6408eb4526859213e334b06d2ba4b902960244e67dae6e459
[INFO] [stderr] WARNING: Your kernel does not support swap limit capabilities or the cgroup is not mounted. Memory limited without swap.
[INFO] running `Command { std: "docker" "start" "-a" "115d9ac4f0ae6ec6408eb4526859213e334b06d2ba4b902960244e67dae6e459", kill_on_drop: false }`
[INFO] [stderr]     Blocking waiting for file lock on package cache
[INFO] [stderr]    Compiling winapi-build v0.1.1
[INFO] [stderr]    Compiling winapi v0.3.9
[INFO] [stderr]     Checking winapi v0.2.8
[INFO] [stderr]    Compiling user32-sys v0.2.0
[INFO] [stderr]     Checking winapi-rust-example v0.1.0 (/opt/rustwide/workdir)
[INFO] [stderr] error: could not compile `winapi-rust-example`.
[INFO] [stdout] error[E0433]: failed to resolve: could not find `winuser` in `winapi`
[INFO] [stdout]   --> src/main.rs:11:92
[INFO] [stdout]    |
[INFO] [stdout] 11 |         user32::MessageBoxA(std::ptr::null_mut(), text.as_ptr(), caption.as_ptr(), winapi::winuser::MB_OK);
[INFO] [stdout]    |                                                                                            ^^^^^^^ could not find `winuser` in `winapi`
[INFO] [stdout] 
[INFO] [stdout] 
[INFO] [stderr] 
[INFO] [stdout] error[E0425]: cannot find function, tuple struct or tuple variant `MessageBoxA` in crate `user32`
[INFO] [stdout]   --> src/main.rs:11:17
[INFO] [stdout]    |
[INFO] [stdout] 11 |         user32::MessageBoxA(std::ptr::null_mut(), text.as_ptr(), caption.as_ptr(), winapi::winuser::MB_OK);
[INFO] [stdout]    |                 ^^^^^^^^^^^ not found in `user32`
[INFO] [stdout] 
[INFO] [stdout] 
[INFO] [stderr] To learn more, run the command again with --verbose.
[INFO] [stdout] error: aborting due to 2 previous errors
[INFO] [stdout] 
[INFO] [stdout] 
[INFO] [stderr] warning: build failed, waiting for other jobs to finish...
[INFO] [stdout] Some errors have detailed explanations: E0425, E0433.
[INFO] [stdout] 
[INFO] [stdout] For more information about an error, try `rustc --explain E0425`.
[INFO] [stdout] 
[INFO] [stdout] error[E0433]: failed to resolve: could not find `winuser` in `winapi`
[INFO] [stdout]   --> src/main.rs:11:92
[INFO] [stdout]    |
[INFO] [stdout] 11 |         user32::MessageBoxA(std::ptr::null_mut(), text.as_ptr(), caption.as_ptr(), winapi::winuser::MB_OK);
[INFO] [stdout]    |                                                                                            ^^^^^^^ could not find `winuser` in `winapi`
[INFO] [stdout] 
[INFO] [stdout] 
[INFO] [stdout] error[E0425]: cannot find function, tuple struct or tuple variant `MessageBoxA` in crate `user32`
[INFO] [stdout]   --> src/main.rs:11:17
[INFO] [stdout]    |
[INFO] [stdout] 11 |         user32::MessageBoxA(std::ptr::null_mut(), text.as_ptr(), caption.as_ptr(), winapi::winuser::MB_OK);
[INFO] [stdout]    |                 ^^^^^^^^^^^ not found in `user32`
[INFO] [stdout] 
[INFO] [stdout] 
[INFO] [stdout] error: aborting due to 2 previous errors
[INFO] [stdout] 
[INFO] [stdout] 
[INFO] [stdout] Some errors have detailed explanations: E0425, E0433.
[INFO] [stdout] 
[INFO] [stdout] For more information about an error, try `rustc --explain E0425`.
[INFO] [stdout] 
[INFO] [stderr] error: build failed
[INFO] running `Command { std: "docker" "inspect" "115d9ac4f0ae6ec6408eb4526859213e334b06d2ba4b902960244e67dae6e459", kill_on_drop: false }`
[INFO] running `Command { std: "docker" "rm" "-f" "115d9ac4f0ae6ec6408eb4526859213e334b06d2ba4b902960244e67dae6e459", kill_on_drop: false }`
[INFO] [stdout] 115d9ac4f0ae6ec6408eb4526859213e334b06d2ba4b902960244e67dae6e459
